n base 2, what is 10 + 101001000?
101001010
In base 5, what is -3 - -113?
110
In base 10, what is -370 + -3?
-373
In base 5, what is 24 + 4?
33
In base 16, what is 4 + bbc?
bc0
In base 10, what is -3 + -8?
-11
In base 7, what is 53 + 13?
66
In base 13, what is -17 - -75?
5b
In base 12, what is 10 - 23?
-13
In base 7, what is 51266 + 4?
51303
In base 12, what is -160 - 4?
-164
In base 4, what is 102112 - 3?
102103
In base 8, what is -1 + -125?
-126
In base 3, what is -121 + 102100?
101202
In base 7, what is -20 - -453?
433
In base 8, what is 4 - -227?
233
In base 16, what is -17 + 39?
22
In base 12, what is -4 + 1011?
1009
In base 8, what is -4 + 1316?
1312
In base 4, what is -12 - -3?
-3
In base 10, what is -9 - -2?
-7
In base 6, what is -3052 + 3?
-3045
In base 9, what is -57 - -38?
-18
In base 7, what is -64 + 5?
-56
In base 15, what is -b + 4c?
41
In base 5, what is -10 - 12010?
-12020
In base 8, what is 1266 - 5?
1261
In base 5, what is 10 + 1113?
1123
In base 11, what is 16 + 5?
20
In base 14, what is -d1 + -4?
-d5
In base 9, what is 815 - -1?
816
In base 16, what is -3 + 4?
1
In base 10, what is 4635 + 4?
4639
In base 15, what is -5 + -d?
-13
In base 2, what is 100 - 1111100?
-1111000
In base 16, what is 25 + -2?
23
In base 7, what is -44 - -2?
-42
In base 3, what is -220022 - -1?
-220021
In base 9, what is 22 + 33?
55
In base 4, what is -10 - -30202?
30132
In base 13, what is -9 + -13?
-1c
In base 5, what is -13224 - -2?
-13222
In base 16, what is 3 - -13a?
13d
In base 6, what is 303 + 112?
415
In base 5, what is 10 - 123?
-113
In base 6, what is 2 - -1534?
1540
In base 8, what is 2 + -2770?
-2766
In base 14, what is 0 - -32b?
32b
In base 14, what is -1d + -1?
-20
In base 6, what is -145 + 300?
111
In base 9, what is 17 + -288?
-271
In base 8, what is -204 - -3?
-201
In base 12, what is -b + 10?
1
In base 6, what is -122 + 12?
-110
In base 8, what is -1 - -2242?
2241
In base 12, what is 32 - 2b?
3
In base 9, what is 4723 - 3?
4720
In base 10, what is 40 + -7?
33
In base 13, what is 5 + -55a?
-555
In base 4, what is -13210 + -10?
-13220
In base 12, what is -4410 - 0?
-4410
In base 4, what is 3 - 10320?
-10311
In base 14, what is -5 + -37?
-3c
In base 13, what is 125 - 3?
122
In base 10, what is -156 - 4?
-160
In base 6, what is 15 + -325?
-310
In base 7, what is -5 + 4?
-1
In base 12, what is -1 + -121?
-122
In base 14, what is -5a0 + -22?
-5c2
In base 8, what is -6 + -11376?
-11404
In base 2, what is 10 - -1000?
1010
In base 5, what is 1 + -12432?
-12431
In base 11, what is -501 + -3?
-504
In base 7, what is -45 - 245?
-323
In base 12, what is -32 - 9?
-3b
In base 10, what is -5 + -27?
-32
In base 11, what is -23424 - -4?
-23420
In base 15, what is 5 + 1543?
1548
In base 9, what is 0 - -143?
143
In base 13, what is 2918 + 1?
2919
In base 4, what is -10 + -3220?
-3230
In base 8, what is 2 + -2?
0
In base 3, what is -10 - 1110011?
-1110021
In base 8, what is 1 + -7011?
-7010
In base 8, what is -12 - -257?
245
In base 7, what is -2441 + 1?
-2440
In base 15, what is -32 - 63?
-95
In base 8, what is 43 + 7?
52
In base 14, what is -1a0 - -19?
-185
In base 7, what is 1 - -111?
112
In base 15, what is 689 - -4?
68d
In base 14, what is 4 - -35?
39
In base 6, what is -3 + -423?
-430
In base 3, what is -10 + -1010?
-1020
In base 14, what is -27b - -1?
-27a
In base 15, what is -374 + -8?
-37c
In base 5, what is -23 - -14?
-4
In base 8, what is 43 - -1?
44
In base 12, what is 3381 - 3?
337a
In base 2, what is -1001 - 111001?
-1000010
In base 10, what is 57 - 41?
16
In base 2, what is -1 - 1010001001?
-1010001010
In base 14, what is -118 - -16?
-102
In base 6, what is 1 + -5021?
-5020
In base 11, what is -21 - -9?
-13
In base 12, what is -1 + 6b?
6a
In base 7, what is 3 - -2042?
2045
In base 7, what is 35 + -126?
-61
In base 6, what is -5 - 134?
-143
In base 13, what is 0 + -a3c?
-a3c
In base 15, what is 1 + 795?
796
In base 9, what is -2164 - 2?
-2166
In base 5, what is 1 + 103?
104
In base 16, what is 173 + 0?
173
In base 4, what is 3 + -13303?
-13300
In base 15, what is 1337 - -8?
1340
In base 7, what is -1 + -6?
-10
In base 7, what is 5 + -254?
-246
In base 10, what is -6603 + 4?
-6599
In base 4, what is 122 + -213?
-31
In base 3, what is 112 - -1?
120
In base 14, what is -6 + 288?
282
In base 7, what is 50 + 4?
54
In base 4, what is -1201 + 2011?
210
In base 4, what is 0 - 3120?
-3120
In base 14, what is -5da - -2?
-5d8
In base 3, what is -2212110 + 0?
-2212110
In base 8, what is -3 + 105?
102
In base 3, what is -1201 + -100?
-2001
In base 13, what is 1b1 - 6?
1a8
In base 10, what is -44 - -109?
65
In base 8, what is 140 - 7?
131
In base 7, what is -1 + -1014?
-1015
In base 5, what is 201 + -124?
22
In base 14, what is -1287 - 8?
-1291
In base 5, what is 103030 - 10?
103020
In base 2, what is -1001110 - -100?
-1001010
In base 6, what is 122 + 105?
231
In base 16, what is -2c13 - -4?
-2c0f
In base 5, what is 142442 - -3?
143000
In base 9, what is 5 + 0?
5
In base 14, what is -a7a + -2?
-a7c
In base 7, what is 5 + 1153?
1161
In base 4, what is 3 + 212112?
212121
In base 4, what is -323 + -12?
-1001
In base 10, what is 4 + 82?
86
In base 10, what is -607 + -8?
-615
In base 3, what is 1 - 222?
-221
In base 9, what is 6 + -7?
-1
In base 4, what is -1 - 2333?
-3000
In base 5, what is 102 - -2300?
2402
In base 16, what is -3 - -1a?
17
In base 7, what is -3 - 3?
-6
In base 16, what is 20 - 10?
10
In base 7, what is 525 + -112?
413
In base 10, what is -4 - -2170?
2166
In base 10, what is 1 + 638?
639
In base 3, what is -1000200001 - 12?
-1000200020
In base 4, what is 11230 + -221?
11003
In base 15, what is 155 - -5?
15a
In base 10, what is 44 + 68?
112
In base 11, what is -3 + -25a7?
-25aa
In base 13, what is -5 + ba?
b5
In base 15, what is 2b - -d7?
113
In base 3, what is -12 - 10202?
-10221
In base 14, what is 1 + -80?
-7d
In base 5, what is 11 + -32?
-21
In base 3, what is -1 + -22?
-100
In base 16, what is 1 - 5ad?
-5ac
In base 10, what is 4 - 67?
-63
In base 15, what is b6 - 3?
b3
In base 6, what is 0 - -2553?
2553
In base 10, what is 0 - -280?
280
In base 7, what is -5 - 2113?
-2121
In base 6, what is 2 - -114031?
114033
In base 8, what is -10711 - -1?
-10710
In base 4, what is 3 + -100320?
-100311
In base 16, what is 1a5 - -2?
1a7
In base 16, what is 6b - 9?
62
In base 4, what is -1 + -11031?
-11032
In base 16, what is -3 + d70?
d6d
In base 2, what is -1011 + -1000000?
-1001011
In base 10, what is 1 + -801?
-800
In base 8, what is 1471 - -1?
1472
In base 4, what is 0 - -32202?
32202
In base 4, what is 0 - 131011?
-131011
In base 14, what is 4b9 + a?
4c5
In base 16, what is 1 + 1bf?
1c0
In base 13, what is -24 + -12c?
-153
In base 9, what is -1 - 6?
-7
In base 8, what is 2315 + 3?
2320
In base 14, what is 5 + 52?
57
In base 13, what is 0 - 16?
-16
In base 10, what is 5 - 213?
-208
In base 15, what is 2 + -ecc?
-eca
In base 14, what is -5 - -5a3?
59c
In base 11, what is 5a2 - -5?
5a7
In base 8, what is -10 - 224?
-234
In base 10, what is -27 + -186?
-213
In base 15, what is -90 - 3?
-93
In base 4, what is -31011 + -2?
-31013
In base 11, what is -a6 - -a?
-97
In base 14, what is a4 - 7?
9b
In base 5, what is -11203 - -1?
-11202
In base 16, what is -1 - 349?
-34a
In base 16, what is -4038 + -1?
-4039
In base 12, what is -b3 + -7?
-ba
In base 4, what is 23212 - 0?
23212
In base 11, what is 3 - -2129?
2131
In base 11, what is -17 - -2?
-15
In base 3, what is 21 + 120?
211
In base 11, what is 31 + 8?
39
In base 6, what is 12500 + 4?
12504
In base 13, what is -8 - -360?
355
In base 5, what is 10213 - -2?
10220
In base 4, what is 11221 + -22?
11133
In base 11, what is 5 + -1962?
-1958
In base 16, what is -1 - 1bf?
-1c0
In base 15, what is -1 + -56a?
-56b
In base 13, what is -502 + -1?
-503
In base 3, what is 1211 - -210100?
212011
In base 3, what is 10 - -20101?
20111
In base 2, what is 1001110 - 101?
1001001
In base 9, what is -5 + -10?
-15
In base 16, what is -3 - -370?
36d
In base 5, what is -30 - 0?
-30
In base 11, what is -10 + -148?
-158
In base 7, what is -566 + 1?
-565
In base 3, what is -2 + -212211?
-212220
In base 5, what is 3 + 221?
224
In base 12, what is -44b + 4?
-447
In base 15, what is 12 + -a?
7
In base 13, what is 19 + 2?
1b
In base